osite?
False
Is 802297 a composite number?
False
Is 3746057 a prime number?
False
Is 354845681 a composite number?
False
Is 2526443 a prime number?
False
Is 5925719 composite?
True
Is 7144081 prime?
False
Is 496735 a prime number?
False
Is 49318501 prime?
True
Is 50018285 a composite number?
True
Is 24201967 a prime number?
False
Is 5694061 prime?
False
Is 3300721 prime?
True
Is 225426191 composite?
False
Is 1310251 prime?
True
Is 13988003 composite?
True
Is 11828171 composite?
False
Is 773987 composite?
False
Is 291647 prime?
True
Is 6413201 a prime number?
True
Is 5711933 prime?
True
Is 44272883 prime?
True
Is 2306743 composite?
True
Is 6787514 a prime number?
False
Is 6213869 a prime number?
True
Is 3714761 composite?
True
Is 3340047 composite?
True
Is 11018341 prime?
False
Is 194951 a prime number?
False
Is 11221829 composite?
False
Is 60195473 composite?
True
Is 272633 a composite number?
True
Is 17483617 a prime number?
True
Is 13511489 prime?
False
Is 3279257 a composite number?
False
Is 178547 composite?
True
Is 14536807 composite?
False
Is 630216907 composite?
True
Is 462567047 composite?
True
Is 5539967 a prime number?
True
Is 2408683 prime?
True
Is 314049091 a composite number?
True
Is 4810867 a prime number?
True
Is 41738371 composite?
False
Is 1459207 a composite number?
False
Is 1467241 composite?
False
Is 284345819 a prime number?
True
Is 5912657 a prime number?
True
Is 51755147 prime?
True
Is 8774069 a prime number?
False
Is 110544881 prime?
True
Is 105860747 a prime number?
True
Is 3368297 a composite number?
False
Is 1512211 a composite number?
True
Is 38621077 a prime number?
False
Is 6359901 prime?
False
Is 1081877 a prime number?
False
Is 61035251 a composite number?
False
Is 32658797 composite?
True
Is 14039891 a composite number?
False
Is 13693033 a prime number?
True
Is 120266507 a composite number?
True
Is 200967241 a prime number?
True
Is 21227267 composite?
False
Is 685859 composite?
False
Is 26853427 a prime number?
True
Is 6633031 composite?
False
Is 91499677 prime?
False
Is 282797 prime?
True
Is 114003517 a prime number?
False
Is 6104767 a prime number?
True
Is 131945489 composite?
True
Is 327658339 composite?
False
Is 4570519 a composite number?
False
Is 125053 a composite number?
False
Is 119279039 a composite number?
True
Is 39107067 a composite number?
True
Is 10210369 a composite number?
True
Is 2476579 a composite number?
True
Is 33559 composite?
True
Is 135653246 composite?
True
Is 66729127 composite?
False
Is 1246127899 composite?
False
Is 439781 prime?
True
Is 6332321 composite?
True
Is 1184035 a prime number?
False
Is 338244727 prime?
True
Is 1522331 a composite number?
False
Is 53460353 a prime number?
True
Is 10323307 composite?
False
Is 2535601 prime?
False
Is 112025737 prime?
True
Is 324111 composite?
True
Is 78151783 prime?
True
Is 1264789 prime?
False
Is 1300919 composite?
True
Is 423807979 a prime number?
False
Is 9342071 prime?
False
Is 2468773 a composite number?
False
Is 237085 composite?
True
Is 30183 a composite number?
True
Is 43406087 prime?
False
Is 1874885 composite?
True
Is 25345451 prime?
True
Is 11217523 a prime number?
True
Is 7274567 prime?
False
Is 151937 a prime number?
True
Is 663653 a composite number?
False
Is 5446127 composite?
False
Is 2724929 prime?
True
Is 41087381 a composite number?
False
Is 21620567 a composite number?
True
Is 853457 a prime number?
False
Is 2374997 prime?
True
Is 352188097 a composite number?
True
Is 100710277 a prime number?
True
Is 70182587 composite?
False
Is 239692307 a composite number?
True
Is 5606033 prime?
True
Is 56775011 a prime number?
False
Is 137461 a composite number?
True
Is 5322158 a prime number?
False
Is 14711509 composite?
True
Is 147379339 prime?
False
Is 832912517 a composite number?
False
Is 1758503 a composite number?
False
Is 114818785 a prime number?
False
Is 151296023 a prime number?
False
Is 21698029 composite?
False
Is 574363 a prime number?
True
Is 4400189 prime?
True
Is 84788233 prime?
True
Is 62437 prime?
False
Is 55420939 a composite number?
True
Is 194219 prime?
False
Is 9779839 prime?
True
Is 452418311 a composite number?
False
Is 20905921 a prime number?
True
Is 555823 prime?
True
Is 7816737 prime?
False
Is 20043559 prime?
True
Is 1690993 prime?
True
Is 60062333 a prime number?
False
Is 57532381 composite?
True
Is 15245401 a prime number?
True
Is 175844573 prime?
True
Is 6881599 prime?
False
Is 149673017 a prime number?
False
Is 424703 composite?
True
Is 35296313 composite?
True
Is 2714141 composite?
False
Is 3997381 prime?
True
Is 6650186 a composite number?
True
Is 4938233 composite?
True
Is 1346269 a composite number?
True
Is 46024963 a prime number?
True
Is 192111 composite?
True
Is 1549982267 a composite number?
False
Is 666812121 a composite number?
True
Is 639465157 a composite number?
False
Is 122658337 a composite number?
False
Is 750129371 a prime number?
True
Is 475207 a composite number?
False
Is 608599 a composite number?
True
Is 14949281 composite?
True
Is 22623659 prime?
True
Is 36660805 composite?
True
Is 42079481 composite?
False
Is 26541871 a prime number?
True
Is 231581 a prime number?
False
Is 31638583 prime?
False
Is 16051439 prime?
True
Is 779039 prime?
True
Is 33909901 prime?
True
Is 1194247 a prime number?
False
Is 37347071 composite?
True
Is 34061789 prime?
False
Is 190871951 composite?
False
Is 23827379 a prime number?
False
Is 26391503 a composite number?
False
Is 5421463 a prime number?
False
Is 449882077 prime?
True
Is 19430479 prime?
True
Is 19208517 prime?
False
Is 2330511 a composite number?
True
Is 66075059 a composite number?
False
Is 5806217 a composite number?
False
Is 2245541 composite?
False
Is 3949391 composite?
False
Is 610321 prime?
False
Is 7596443 a composite number?
False
Is 10121927 a composite number?
True
Is 169288085 composite?
True
Is 33051197 prime?
True
Is 43885319 prime?
True
Is 1242029 a prime number?
True
Is 154349609 composite?
True
Is 64479607 prime?
False
Is 72943789 a prime number?
False
Is 339991 a composite number?
False
Is 113048323 a composite number?
False
Is 3232069 composite?
True
Is 6002771 prime?
False
Is 206224897 a prime number?
True
Is 7200013 a prime number?
False
Is 298332593 a composite number?
True
Is 12981263 prime?
True
Is 3204647 composite?
False
Is 59285917 prime?
True
Is 4474531 a composite number?
True
Is 5719453 prime?
True
Is 334553 prime?
False
Is 423738221 a composite number?
True
Is 6741269 a prime number?
True
Is 22708661 composite?
True
Is 2287357 composite?
True
Is 44225641 prime?
True
Is 6337679 a prime number?
True
Is 2398078 prime?
False
Is 14137593 a prime number?
False
Is 29390617 composite?
True
Is 462803798 prime?
False
Is 968959 prime?
True
Is 85233251 a prime number?
True
Is 19392071 composite?
True
Is 1247682113 a composite number?
False
Is 195327863 prime?
False
Is 26885101 prime?
True
Is 183648889 composite?
True
Is 267005 composite?
True
Is 61332626 a prime number?
False
Is 43681631 composite?
True
Is 4193741 a prime number?
False
Is 1419683 composite?
False
Is 21209077 a composite number?
False
Is 17172349 prime?
True
Is 8977 a prime number?
False
Is 40370933 prime?
True
Is 3586931 composite?
True
Is 650420261 composite?
False
Is 3248593 a prime number?
False
Is 2692439 a composite number?
False
Is 6601061 composite?
False
Is 35112746 a composite number?
True
Is 6757759 prime?
True
Is 2542453 a composite number?
False
Is 21091051 a composite number?
False
Is 1871213 a composite number?
False
Is 175200899 a composite number?
False
Is 205437251 a composite number?
False
Is 5731489 a composite number?
True
Is 24733795 a prime number?
False
Is 21603877 a prime number?
False
Is 13503437 prime?
True
Is 5764043 a prime number?
False
Is 4591693 a prime number?
False
Is 1735033 a prime number?
True
Is 222917707 a composite number?
True
Is 97331 composite?
True
Is 260609 a prime number?
True
Is 128234698 composite?
True
Is 14616353 a prime number?
True
Is 274229 prime?
False
Is 495164762 composite?
True
Is 2184485073 a composite number?
True
Is 189058 a composite number?
True
Is 195872799 composite?
True
Is 113727431 a composite number?
True
Is 136133771 a composite number?
False
Is 141843881 prime?
True
Is 497177 a composit